emainder when h is divided by s(-15).
0
Suppose 0 = 13*f - 12*f - 8. What is the remainder when 636 is divided by f?
4
Calculate the remainder when 285 is divided by ((-7)/(-35)*10)/(4/110).
10
Suppose 2*z - 16 = -2*z. Suppose -30 = -3*s + 2*u, 3*s + 0*s = -z*u + 30. What is the remainder when 19 is divided by s?
9
Let s = 847 - 749. Calculate the remainder when s is divided by 5.
3
Suppose -2*j - 6 = 0, -8*v + 40 = -4*v - 4*j. What is the remainder when 24 is divided by v?
3
Let n(s) = s**2 + s + 4. What is the remainder when 415 is divided by n(-3)?
5
Let l be (-651)/14 + 2/4. Let w = -169 - -282. Let a = w + l. Calculate the remainder when a is divided by 17.
16
Suppose -3*m + 9 = 3*h, -3*h - 10 = -5*h + 2*m. Suppose 0*i = -l + 2*i - 9, -i = l + 6. Let k = -2 - l. Calculate the remainder when k is divided by h.
1
Suppose a = 4*a + 132. Let k = a + 131. What is the remainder when k is divided by (-456)/(-30) + (-1)/5?
12
Suppose -204 = -4*i - 2*p, -5*p = i - 0*i - 69. Let m be (0 - (-90)/4)*-2. Let c = 58 + m. What is the remainder when i is divided by c?
10
Let a(h) = 14*h + 17. What is the remainder when 134 is divided by a(0)?
15
Let m be (3 - -1) + 0 - -9*13. Suppose a - 7 = -k + 18, m = 5*k + a. Calculate the remainder when 47 is divided by k.
23
Suppose -14 = -c - 4. Calculate the remainder when ((-4)/(-6))/(c/1125) is divided by 26.
23
Suppose 17*t - 479 + 156 = 0. Suppose -r + 0 + 8 = q, 0 = q + 4*r - 23. Calculate the remainder when -1 + 114/q + -2 is divided by t.
16
Let d(q) = q - 25. Let x be d(5). What is the remainder when 149 is divided by x/8*(0 - 6)?
14
Let o = -1209 - -1303. Calculate the remainder when o is divided by 78.
16
Let m(g) = -2*g**2 + 2*g - 1. Let i be m(7). Suppose 4*p - 549 - 131 = 0. Let c = i + p. Calculate the remainder when c is divided by 22.
19
Let v(l) = 5*l**2 + 3*l + 3. Suppose 0 = z + w - 29 - 124, 0 = -3*z + 2*w + 459. What is the remainder when z is divided by v(-3)?
36
Suppose 3 = 3*h - 0. Suppose 5 = -3*d - 10, 0 = -4*b - 5*d - h. Suppose -b*g = 9 - 69. What is the remainder when g is divided by 3?
1
Suppose 4*m - 388 = w, 9*m - w - 291 = 6*m. What is the remainder when 968 is divided by m?
95
Suppose 2*z - 7*z = 4*j - 1791, 4*z = 5*j + 1400. Calculate the remainder when z is divided by 21.
19
Suppose -3*z + 2*y = -10 - 66, -3*z + 70 = y. Calculate the remainder when 182 is divided by z.
14
Let r(s) = 18*s**3 + 2*s**2 - s. What is the remainder when 51 is divided by r(1)?
13
Let q(r) = 10*r**2 + 4*r + 7. Suppose -3*z + 5 = -55. Calculate the remainder when q(-2) is divided by z.
19
Suppose 823*f - 862*f + 1599 = 0. Suppose -6 + 14 = s. Calculate the remainder when f is divided by s/(-20) + (-77)/(-5).
11
Suppose 4*u - 11*u + 371 = 0. What is the remainder when u is divided by 21?
11
Let n(w) = w**3 + 15*w**2 + 6*w - 68. Calculate the remainder when n(-12) is divided by 33.
28
Suppose -2*y + 6*y + 5*w + 3 = 0, -w = -y + 6. Calculate the remainder when 165 is divided by y.
0
Let i = 1423 - 798. What is the remainder when i is divided by 33?
31
Suppose -5*y - 778 = 2*y - 904. Calculate the remainder when 7/2*10*1 is divided by y.
17
Suppose 0 = -5*d + 4*d - 126. Let q = d + 182. Calculate the remainder when q is divided by 19.
18
Let g be ((-1)/2)/(1/(-6)). Suppose 72 = 3*s - g*t, s - 2*s = -5*t - 24. Calculate the remainder when 71 is divided by s.
23
Let w = -3 - 15. Calculate the remainder when 29 is divided by (0 - -8) + (-15 - w).
7
Let o = 340 + -69. What is the remainder when o is divided by 93?
85
Let a(w) = 0*w**3 + 12*w - w**3 + 3*w**2 - 139 + 133. What is the remainder when 10 is divided by a(5)?
2
Suppose 1044 = 130*b - 101*b. Calculate the remainder when 48 is divided by b.
12
Let t(n) = n**2 + 2*n - 8. What is the remainder when ((-4)/(-10) - (-966)/10) + -4 is divided by t(-6)?
13
Let l be (-2)/((-1)/(5 - 3)). Suppose -5*r + r + l = 0. Calculate the remainder when 64 is divided by 34 - (r + -2 - -2).
31
Calculate the remainder when 157 is divided by (-2)/6 + 31/3.
7
What is the remainder when (-4)/(-10)*-5 - -93 is divided by 16?
11
Let v(q) = 19*q**2 - 2*q - 2. Calculate the remainder when 39 is divided by v(-1).
1
Suppose m - 110 = -3*p, 6*p - p - m - 178 = 0. What is the remainder when 140 is divided by (p/(-7))/(45/(-210))?
20
Suppose 0 = -2*b + v + 248, 136*b - 5*v + 524 = 140*b. Calculate the remainder when b is divided by 44.
38
Let p = -279 + 545. What is the remainder when p is divided by 39?
32
Let y be 34*(-4 - (-36)/8). Suppose k + 6 = 3*j + y, -2*j = 4*k - 16. Calculate the remainder when 7 is divided by k.
2
Let m be (1 - -19)*(-6)/(-8). Let j = 19 - m. Suppose 2*d - 40 = -5*v + 94, -2*v + j*d + 68 = 0. What is the remainder when v is divided by 11?
6
Calculate the remainder when 118 is divided by 540/48 - (-1)/(-4).
8
Let g(x) = x**2 - 2*x - 1. Let l(n) = n**3 + n**2 - n - 1. Let r(c) = -g(c) - 2*l(c). Calculate the remainder when 68 is divided by r(-3).
14
Let l = -8 + 28. What is the remainder when 136 is divided by l?
16
Suppose 17*t - 493 - 629 = 0. What is the remainder when 261 is divided by t?
63
Let m = 332 + -11. What is the remainder when m is divided by 54?
51
Let f = -334 + 427. Calculate the remainder when f is divided by 37.
19
Suppose -5*g = 5*n - 65, -2*g - 3*g = -4*n - 56. Calculate the remainder when 3 - (4 - -1) - -21 is divided by g.
7
Let g(p) = -p + 25. Let n = 63 - 36. Suppose -1 + n = 2*t. What is the remainder when g(0) is divided by t?
12
Suppose 0 = -0*h - 2*h + 12. Let i be h/4*(-24)/(-9). Suppose -82 = -z - 4*z + 4*o, -98 = -5*z - i*o. Calculate the remainder when 33 is divided by z.
15
Suppose 88*u = 11*u + 924. Let z(m) = 6*m**2 + 4. Calculate the remainder when z(3) is divided by u.
10
Let q = -2391 + 2403. What is the remainder when 129 is divided by q?
9
Suppose 611*n - 602*n = 81. Calculate the remainder when 44 is divided by n.
8
Let y = -48 - -124. Let g(o) = o**3 - 6*o**2 - 3*o - 1. Calculate the remainder when y is divided by g(7).
22
Suppose 0 = -x + 45 + 6. Suppose 3 = -b - 2. Let o = 18 + b. Calculate the remainder when x is divided by o.
12
Suppose 2*x - 100 = -5*p, -22*x - 50 = -23*x - p. Calculate the remainder when x is divided by 4.
2
Suppose -4*m + 3*n + 5 = -0, -2*m - 3*n = -7. Suppose 4*b + 0*p - 5*p = 76, 0 = m*p. What is the remainder when 75 is divided by b?
18
Let a = 46 + -40. Suppose 2*h + 56 = a*h. Calculate the remainder when h is divided by 9.
5
What is the remainder when 6 + (-8)/1 + -4 - -119 is divided by 38?
37
Let q(s) = -s**2 - 13*s + 18. Let h be q(-14). Suppose -h*j - 1 = -21. Calculate the remainder when 18 is divided by j.
3
Let o(z) = -z**3 + 11*z**2 - 20*z + 1. What is the remainder when 362 is divided by o(6)?
57
Suppose -27*m = -22*m - 110. Suppose 0 = -3*h + 2*h - 1. Calculate the remainder when m is divided by (-6)/(-4)*(3 - h).
4
Let s = -127 + 211. Suppose -3*i = -0*i + 4*j - s, i - j = 21. Suppose -k - 2*k + 3*t = -156, -245 = -5*k + 2*t. Calculate the remainder when k is divided by i.
23
Suppose 3*o - 2*n + 56 = 5*o, 4*n - 141 = -5*o. Let d = -41 + 24. Let u = o + d. What is the remainder when 44 is divided by u?
8
Calculate the remainder when 84 is divided by 6*7/7 - 6*-7.
36
Suppose -31 = -x - 36. Let h = -92 + 174. What is the remainder when h is divided by x/(4 - 106/24)?
10
Suppose -2*o = o + k - 1910, -o - 3*k + 642 = 0. What is the remainder when o is divided by 22?
20
Let q = -388 + 392. Suppose 86 - 21 = 5*d. What is the remainder when d is divided by q?
1
Let c be (-2)/(-3) - 26/39. Suppose 5*u - y - 64 = 50, -4*u + 5*y + 108 = 0. Let j = c + u. What is the remainder when j is divided by 13?
9
Suppose 0*c = -2*c. Suppose n - 22 - 23 = c. What is the remainder when n is divided by 12?
9
Let k(r) = r**2 + 5*r - 29. Let d(w) = -w**2 - 19*w + 12. Let m be d(-19). What is the remainder when k(m) is divided by 44?
43
Suppose -5*q = -5*x - 2*q + 45, -2*q - 18 = -2*x. Let d(u) = -u**3 + 9*u**2 + 2*u - 2. What is the remainder when 30 is divided by d(x)?
14
Let a(y) = y**2 - 13*y - 103. What is the remainder when a(24) is divided by 55?
51
Calculate the remainder when 248 is divided by (-2 + -50 + 1)*3/(-9).
10
Suppose 3*j = 6*j - 4*j. Suppose -2*m + 33 = -j*m + o, -2*m - 4*o = -36. Wha